1 + (-88 - -1).
-64
(-6 - (-2 + -7 + 7 + 35)) + 6 - 11
-44
What is -37 - 39 - 14 - -110?
20
What is 6215 + -6146 + (-4 - (0 + -38))?
103
Evaluate 44 + (-14 - -9) + -17.
22
What is 42 + (-17 - (-73 - -44)) + (4 - 0)?
58
Calculate 42 - ((-1 - -33 - 11) + -26) - (-10 + 1).
56
Calculate -10 + -12 + -86 + 64.
-44
-3 - -15 - (-80 + 28 - -80)
-16
What is (-33 - 39 - -80) + 19?
27
Evaluate -13 - (-5 + 20 + 42 + -53).
-17
What is the value of 42 - 22 - (3 - (-8 + 9))?
18
What is 6 + (42 - (7 + -7 - -12))?
36
What is (-12 + -3 - -5) + 5 + 1 - 5?
-9
Evaluate 20 + (-27 - -57) + -5.
45
Calculate 3 + (-7 - -4) + (-6 - (-4 + -1)) + 24.
23
Calculate 15 + 51 - (-19 + -4 + 22).
67
What is 22 - (-55 + (35 - 3))?
45
Evaluate -116 - -72 - (32 + -131).
55
(0 - -97 - 2) + (42 + 53 + -142 - -51)
99
What is the value of 9 + -22 - -5 - (28 - (4 - 6))?
-38
Calculate (13 - -24 - 38) + -12.
-13
What is 106 + (-59 - -10 - -2)?
59
-150 + 15 - (33 + -40)
-128
596 - 603 - (-2 + (-1 + -32 - -3))
25
Calculate -13 + (2 + 2 + 12 + -16 - -11) + 55.
53
Evaluate 53 - (-11 - -52) - 99.
-87
Evaluate (-4 - (-1 + 3 + -9)) + 46 + -26.
23
Evaluate 92 + -317 + 108 + (-2 - -1 - -18).
-100
Calculate 11 - -3 - (-90 + 11 - -43).
50
(6 - ((15 - 3) + -7)) + 9 - (-1 + 8)
3
30 - (54 + -25) - 1
0
-6 + 4 + (2 - (-1 - 0)) - (-31 + 65)
-33
-1 + (-88 - -53) + 17
-19
Evaluate (-14 - (0 - -6)) + (40 - 31) + -28.
-39
(55 - 1) + 58 + -91
21
What is -71 + (104 - (63 - 117))?
87
What is the value of -59 + (18 - -145) + -64?
40
(26 - 21) + -10 - -12 - (5 - -1)
1
What is the value of (12 - (-8 - -17) - (-7 + -49)) + -1 + -3?
55
What is -47 + (46 - (-12 + 8))?
3
Evaluate 16 - (97 - (-15 - -23)) - (-6 - -2).
-69
What is the value of (2 - -6) + -2 - (41 - 14 - -5)?
-26
What is the value of -17 + (-7 - -10) + 16 + -1 + 2?
3
Calculate 34 + -36 + -33 + 8 + 160.
133
Calculate 32 + 0 + (226 + -222 - -38).
74
What is the value of -5 + -1 + (-4 - -7 - (-48 - -1))?
44
What is the value of 19 + (6 - (4 + 16)) + (-8 - 0) + -1?
-4
Evaluate (-5 + 26 - 36) + (-193 - -122).
-86
What is 0 + 64 + (48 - 47) + (-14 - -18)?
69
Calculate 142 - (17 - (49 + -9 + -20)).
145
Evaluate -135 - (-143 - (69 - -16)).
93
Calculate 8 - ((-41 - -23) + 21 + 1 + 3) - 61.
-60
Calculate (-26 - -171) + (43 - 1) + -39.
148
53 + -53 + -11 + 22
11
What is 0 + -17 - (-3392 + 3422)?
-47
What is -16 + 9 - ((-20 - -17) + 3)?
-7
26 - ((-21 + 0 - -11) + 19)
17
What is (-6 - -2) + 15 - (44 - 46)?
13
What is 31 + -2 + -57 + 0 + 2 + (10 - -1)?
-15
(-123 - -119 - (1 + 6)) + -9 - 3
-23
Evaluate -1 + 6 - (1123 - 1083).
-35
What is (-19 - 0) + -86 + (-12 - 5) + 26?
-96
Evaluate -36 + 89 + -66 - 10.
-23
What is 4 - (4 + -5) - -7 - (-22 + 32)?
2
-13 - (0 + 7 - (-61 - (57 - 115)))
-23
What is -47 + 18 + -23 + -21 - -21?
-52
Evaluate 20 - (22 + (2 + -10 - 19)).
25
What is -19 - (-16 - ((4 - 9) + 3))?
-5
What is the value of (0 - -18) + (-15 + 1 - (-1733 - -1728)) + 67?
76
What is the value of (134 - (-50 - -102)) + 3 + (-9 - 2)?
74
(1 - 0 - -54) + (24826 - 24841)
40
What is the value of -38 - 13 - -18 - 10?
-43
Evaluate (-6 - 1 - (-6 - (11 - 4))) + 2 - 8.
0
Calculate (5 - 25) + (466 - 472).
-26
Evaluate (-138 - -64) + 121 + -87.
-40
22 - (2 + 22 + -13 - -20)
-9
What is the value of (2 - 8) + -15 - (-235 + 212)?
2
Evaluate 0 + 107 + -13 + 52 + -8 + 118 + -149.
107
Calculate (-13 - 4 - -11) + 5 + (-5 - 30).
-36
Calculate (-9 - (5 + 12 + (-11 - 18))) + -11.
-8
What is -24 - -3 - (49 - (6 - -34))?
-30
What is (-5 + (2 - 4) - -3 - -3) + -19 + 2?
-18
What is 285 - 164 - 112 - (0 + -39)?
48
What is 1 + -97 - (-119 + 62 - -55)?
-94
What is 24 + (-105 + 106 - -70)?
95
63 + (16 - (-19 + (-14 - -75)))
37
Evaluate -186 + 106 + 75 - (-2 + 15).
-18
Calculate ((1 - -1) + 33 + -43 - -88) + 12 + -3.
89
What is (17 - 5) + (-21 - -41) + -41 - -114?
105
What is the value of -75 + 67 - (35 + -10)?
-33
(-141 - (-40 - 17)) + -36
-120
What is the value of (-10 - -2) + (-393 - -476)?
75
-6 + 0 - (69 - (129 + (-35 - -63)))
82
What is the value of -54 + 3 - (11 + -5 - 24)?
-33
What is (3 - -4) + (2149 + -2178 - (-144 + -1))?
123
Evaluate (4 - 16) + (4 - -7) + -24 + 20.
-5
What is the value of 129 - (-1 + -14 + (-983 - -1016))?
111
What is (-5551 - -5628) + (-1 - 28)?
48
What is 9 + (-57 - 10) + 39?
-19
What is 7 + 12 + -11 + (-7 - (10 + -89))?
80
(104 - (106 - -71)) + -25
-98
Evaluate 1888 - 1918 - (4 + (-2 - (-5 - -2))).
-35
Evaluate (5 - ((12 - 3) + -3)) + 101 + -108.
-8
What is -34 - (-4 + 2) - (98 - 163 - -53)?
-20
What is the value of 9 - (36 - (31 + -8) - 15)?
11
Evaluate (-107 - -93) + (25 - -15).
26
Evaluate (12 - -1) + 22 + 1 + (-183 - -213).
66
Evaluate (-2 - -1) + 6 + (-53 - -30 - -14).
-4
89 - (54 + 17) - (-2 - 0)
20
Calculate -21 + 0 + (30 - 38) + 10.
-19
What is ((2 - 8) + 8 - (6 + -4 - 0)) + 31?
31
What is the value of 3 + -12 + (0 + -7 - -6) - (-143 + 64)?
69
Evaluate (-13 - (-5 + 9)) + (1 + -23 - (-210 - -199)).
-28
What is the value of 30 + -29 + -45 + 83 + -1?
38
(3 - -2) + -16 - (-30 + (-43 - -78))
-16
Evaluate (18 + 5 - 4) + 4 + (79 + -44 - 49).
9
What is -32 - (50 + -95 - -47)?
-34
Calculate -2 + 40 - (35 + 18 + -76).
61
What is the value of 176 - 165 - ((5 - 4) + 48)?
-38
Calculate -69 - -59 - (40 + 2) - (-1 - 0).
-51
47 - 5 - (-586 - -689)
-61
Evaluate 135 + -112 - (45 - 17).
-5
(19 - (23 + (5 - 17))) + 10
18
What is (-694 - -684) + (2 - -20 - 1)?
11
What is the value of -66 + (-7 + 34 - -18)?
-21
11 + (-50 + (-15 - -40) - -14)
0
Evaluate 15 + -4 + -15 + -15 + 7.
-12
92 - 95 - (7 - 48) - 16
22
What is the value of -18 + 22 + -3 + -23 + 49?
27
Calculate -22 + 2 - ((15 - (6 - -11)) + -7).
-11
-5 + 112 + (10 - -3 - 47)
73
48 - -1 - (-10 - -28)
31
What is the value of 195 + -283 + 84 + (-1 - (1 - 50)) + 1?
45
What is 11 - (9 + -3 + 2 + 40 + -8)?
-29
Calculate 27 + (30 - 6 - 89).
-38
What is the value of -67 + 10 + 110 + -93?
-40
What is the value of -77 + 63 + -2 + (1 - -6)?
-9
3 - 13 - ((-1 - (6 + (-4 - -2))) + -59)
54
What is 27 + -11 + (11 - (7 - 10))?
30
Evaluate 36 + -1 - ((-11 - -4) + 3) - 0.
39
17 - (-11 - 0 - 15) - 1
42
What is -9 - 2 - (17 - 1 - (76 + -69))?
-20
Calculate 4 + 4 + -9 + 7 + -6 + -56.
-56
Evaluate -2 + (-63 - -15) + 32 - -8.
-10
What is (49 - -3) + (5 + 12 + (-11 - -7) - 22)?
43
Calculate 7 - (11 + (5 - 2) + -11).
4
What is (0 - 20) + 10 - -38?
28
What is the value of -56 + (138 - (148 + -56))?
-10
What is 105 + 17 - (-105 + 207)?
20
Evaluate -50 - (24 + -33 - 18).
-23
-9 + -7 + 20 + (-15 - 8) + 0 + 4
-15
-6 - (-57 + -5 + -11 + 28 + -4)
43
31 - ((124 - 132) + (-1 - 0) + 2)
38
(-1 - -3 - 30 - -8) + (-47 - -58) + 3
-6
What is the value of -3 + 30 - 9 - 32?
-14
What is the value of 1 + 12 + (48 - (59 + -2))?
4
Calculate -8 - (-9 + 8 + 13 + -8 - (6 + -6)).
-12
Calculate -1 + -85 + 3308 + -3140.
82
What is the value of 6 - (4 - 16) - 39?
-21
Calculate -12 - -23 - ((-7 - (9 + 65)) + (-1 - -11)).
82
Calculate (-49 - -28) + -40 + (9 - -12).
-40
Calculate 16 + (-25 + 11 + 18 - (-2 - 8)).
30
Calculate -394 + 455 + 59 + -8.
112
What is the value of (3 - -1) + 0 - (-48 + 45 + 61 + -4)?
-50
Calculate 107 - 8 - 44 - (1 + (-15 - 5)).
74
384 + -466 + 74 - (2 + (0 - (2 + -20)))
-28
What is -6 + 1 + (-11 + 29 - 48 - -15)?
-20
What is the value of 35 - ((0 - -20) + 1436 + -1482)?
61
Calculate 1334 - 1292 - (50 + 0).
-8
9203 + -9165 - (-2 - -150)
-110
Evaluate (-2 - -8 - (-15 - -10)) + -6 + 32.
37
What is (-1 + 1 - -2 - (-82 - -154 - 80)) + -37?
-27
Evaluate -3 - (-55 + 93) - -63.
22
What is 20 + -22 - ((-67 - (-16 - -6)) + -7)?
62
Calculate -10 - (24 + -44 + 47).
-37
What is the value of -65 + (5 + -11 + 11 + (-14 - -27) - 10)?
-57
What is 2 - 0 - (-9 + -98 - -27) - 3?
79
3 - (14 + -52 - -93)
-52
Evaluate -17 - -3 - (-32 - (-24 - -13)).
7
(5 - (-25 - -16)) + -5
9
16 - (3 - 2 - (-499 - -375))
-109
What is the value of -3 + 29 - (-129 - -57 - -53)?
45
What is -9 - ((4 - -5) + 82 + -97)?
-3
What is the value of 22 + -9 + 19 + 28 - -25?
85
-28 - ((0 - 19) + (-21 - -72))
-60
68 - (183 - -17) - -56
-76
6 + 17 + -46 + 5 + -9
-27
What is -6 - (-6 + 4) - -49 - (-105 - -117)?
33
Evaluate (-12 - 1) + (-1 - -3 - (153 + -163)).
-1
Evaluate (106 - 48) + (-7 - 94).
-43
What is the value of -156 - (-207 + (-69 - -72))?
48
Evaluate (-8 + 13 + (13 - 24) - 2) + 50.
42
Evaluate -4 + -26 